{"type":"video","version":"1.0","provider_name":"Network.hu","provider_url":"http:\/\/network.hu\/","title":"IVAO Worldtour","author_name":"gelleon","author_url":"http:\/\/network.hu\/gelleon","html":"&lt;object width=&quot;424&quot; height=&quot;345&quot;&gt;&lt;param name=&quot;movie&quot; value=&quot;http:\/\/ferihegyirepuloter.network.hu\/flash\/videoplayer\/video.swf?videoid=199688&amp;amp;pvol=40&amp;amp;plang=hu&amp;amp;host=http:\/\/ferihegyirepuloter.network.hu&quot; \/&gt;&lt;param name=&quot;allowscriptaccess&quot; value=&quot;always&quot; \/&gt;&lt;param name=&quot;allowfullscreen&quot; value=&quot;true&quot; \/&gt;&lt;embed src=&quot;http:\/\/ferihegyirepuloter.network.hu\/flash\/videoplayer\/video.swf?videoid=199688&amp;amp;pvol=40&amp;amp;plang=hu&amp;amp;host=http:\/\/ferihegyirepuloter.network.hu&quot; width=&quot;424&quot; height=&quot;345&quot; allowscriptaccess=&quot;always&quot; allowfullscreen=&quot;true&quot; \/&gt;&lt;\/object&gt;","width":424,"height":345,"description":"A Nemzetk\u00f6zi virtu\u00e1lis rep\u00fcl\u00e9s szervezet\u00e9nek 2011-es vil\u00e1gturn\u00e9j\u00e1nak vide\u00f3ja\r\n\r\nA rendezv\u00e9ny f\u00f3ruma:\r\n\r\nhttp:\/\/forum.ivao.aero\/index.php\/board,188.0.html\r\n\r\n","thumbnail_url":"http:\/\/vds.network.hu\/clubvideo\/1\/9\/9\/_\/199688_89440_1.jpg","thumbnail_width":80,"thumbnail_height":60,"video_id":"199688"}

A Nemzetközi virtuális repülés szervezetének 2011-es világturnéjának videója

A rendezvény fóruma:

http://forum.ivao.aero/index.php/board,188.0.html
